{"id":56671,"date":"2026-03-16T10:07:24","date_gmt":"2026-03-16T09:07:24","guid":{"rendered":"https:\/\/center-izola.si\/dogodki\/primorska-poje-2026-koncert-v-kortah\/"},"modified":"2026-03-16T10:12:10","modified_gmt":"2026-03-16T09:12:10","slug":"primorska-poje-2026-koncert-v-kortah","status":"publish","type":"dogodki","link":"https:\/\/center-izola.si\/it\/eventi\/primorska-poje-2026-koncert-v-kortah\/","title":{"rendered":"Primorska poje 2026 \u2013 concerto a Korte"},"content":{"rendered":"\n<p>57\u00aa edizione della rassegna dei cori di adulti <strong>PRIMORSKA POJE<\/strong><br>Korte, Zadru\u017eni dom<\/p>\n\n\n\n<p><strong>Si esibiranno:<\/strong><\/p>\n\n\n\n<p>GRUPPO VOCALE MALUM, HRPELJE-KOZINA<br>Direttore: Matej Velikonja<\/p>\n\n\n\n<p>CORO MISTO SLOVENEC \u2013 SLAVEC, BOR\u0160T \u2013 RICMANJE<br>Direttore: Danijel Grbec<\/p>\n\n\n\n<p>CORO MISTO ULKA ANKARAN<br>Direttore: Miran Zadnik<\/p>\n\n\n\n<p>CANTANTI DI CANTI POPOLARI DELL\u2019ASSOCIAZIONE CULTURALE BORJA\u010c, SE\u017dANA<br>Direttrice: Vida Fab\u010di\u010d<\/p>\n\n\n\n<p>CORO MASCHILE DRAGOTIN KETTE, ILIRSKA BISTRICA<br>Direttrice: Janja Konestabo<\/p>\n\n\n\n<p>GRUPPO VOCALE BRI\u0160KE TRCINKE, \u0160TEVERJAN<br>Direttrice: Mojca Cej<\/p>\n\n\n\n<p>L\u2019edizione di quest\u2019anno di <strong>Primorska poje<\/strong> \u00e8 dedicata a Sre\u010dko Kosovel e Dragotin Kette.<\/p>\n\n\n\n<p><strong>Ingresso libero!<\/strong><br>Siete cordialmente invitati.<\/p>\n","protected":false},"featured_media":56669,"parent":0,"template":"","dogodki_cat":[74],"class_list":["post-56671","dogodki","type-dogodki","status-publish","has-post-thumbnail","hentry","dogodki_cat-cultura"],"acf":[],"_links":{"self":[{"href":"https:\/\/center-izola.si\/it\/wp-json\/wp\/v2\/dogodki\/56671","targetHints":{"allow":["GET"]}}],"collection":[{"href":"https:\/\/center-izola.si\/it\/wp-json\/wp\/v2\/dogodki"}],"about":[{"href":"https:\/\/center-izola.si\/it\/wp-json\/wp\/v2\/types\/dogodki"}],"wp:featuredmedia":[{"embeddable":true,"href":"https:\/\/center-izola.si\/it\/wp-json\/wp\/v2\/media\/56669"}],"wp:attachment":[{"href":"https:\/\/center-izola.si\/it\/wp-json\/wp\/v2\/media?parent=56671"}],"wp:term":[{"taxonomy":"dogodki_cat","embeddable":true,"href":"https:\/\/center-izola.si\/it\/wp-json\/wp\/v2\/dogodki_cat?post=56671"}],"curies":[{"name":"wp","href":"https:\/\/api.w.org\/{rel}","templated":true}]}}

<p>57ª edizione della rassegna dei cori di adulti <strong>PRIMORSKA POJE</strong><br>Korte, Zadružni dom</p>



<p><strong>Si esibiranno:</strong></p>



<p>GRUPPO VOCALE MALUM, HRPELJE-KOZINA<br>Direttore: Matej Velikonja</p>



<p>CORO MISTO SLOVENEC – SLAVEC, BORŠT – RICMANJE<br>Direttore: Danijel Grbec</p>



<p>CORO MISTO ULKA ANKARAN<br>Direttore: Miran Zadnik</p>



<p>CANTANTI DI CANTI POPOLARI DELL’ASSOCIAZIONE CULTURALE BORJAČ, SEŽANA<br>Direttrice: Vida Fabčič</p>



<p>CORO MASCHILE DRAGOTIN KETTE, ILIRSKA BISTRICA<br>Direttrice: Janja Konestabo</p>



<p>GRUPPO VOCALE BRIŠKE TRCINKE, ŠTEVERJAN<br>Direttrice: Mojca Cej</p>



<p>L’edizione di quest’anno di <strong>Primorska poje</strong> è dedicata a Srečko Kosovel e Dragotin Kette.</p>



<p><strong>Ingresso libero!</strong><br>Siete cordialmente invitati.</p>
