{"id":56649,"date":"2026-03-12T11:35:51","date_gmt":"2026-03-12T10:35:51","guid":{"rendered":"https:\/\/center-izola.si\/dogodki\/dobronamerno-predavanje-od-osebne-odtujenosti-do-kolektivne-solidarnosti\/"},"modified":"2026-03-12T11:47:12","modified_gmt":"2026-03-12T10:47:12","slug":"dobronamerno-predavanje-od-osebne-odtujenosti-do-kolektivne-solidarnosti","status":"publish","type":"dogodki","link":"https:\/\/center-izola.si\/it\/eventi\/dobronamerno-predavanje-od-osebne-odtujenosti-do-kolektivne-solidarnosti\/","title":{"rendered":"ALL&#8217;ISOLAMENTO INDIVIDUALE ALLA SOLIDARIETA COMUNE"},"content":{"rendered":"\n<p>Vi siete mai chiesti perch\u00e9, in un mondo di connessione continua, siamo sempre pi\u00f9 soli? Come possiamo uscire dall\u2019alienazione virtuale e tornare nello spazio delle relazioni autentiche, della solidariet\u00e0 e della comunit\u00e0?<\/p>\n\n\n\n<p>Il <strong>Centro per la cultura, lo sport e gli eventi di Isola<\/strong> vi invita a una conferenza ispiratrice <strong>\u201cDall\u2019alienazione personale alla solidariet\u00e0 collettiva\u201d<\/strong>, che si terr\u00e0 <strong>mercoled\u00ec 8 aprile 2026 alle ore 19.00<\/strong> presso la <strong>Casa della cultura di Isola<\/strong>.<\/p>\n\n\n\n<p>La serata sar\u00e0 guidata dal <strong>dr. Aleksander Zadel<\/strong>, psicologo clinico e uno dei relatori sloveni pi\u00f9 riconosciuti, noto per il suo stile energico, le spiegazioni chiare e la capacit\u00e0 di avvicinare temi psicologici complessi alla vita quotidiana. Con le sue riflessioni ci inviter\u00e0 a pensare alle relazioni, alla comunit\u00e0 e al nostro ruolo nella societ\u00e0 contemporanea.<\/p>\n\n\n\n<p>I biglietti sono disponibili su <strong>Eventim<\/strong>.<\/p>\n\n\n\n<p><strong>Valore speciale della serata:<\/strong> l\u2019intero ricavato della vendita dei biglietti sar\u00e0 destinato ai bambini socialmente svantaggiati di Isola, sotto l\u2019egida dell\u2019<strong>Unione degli amici della giovent\u00f9<\/strong>.<\/p>\n\n\n\n<p>Unitevi a una serata di conoscenza, connessione e solidariet\u00e0.<br><strong>Riempiamo insieme la sala \u2013 e facciamo qualcosa di buono.<\/strong><\/p>\n","protected":false},"featured_media":56647,"parent":0,"template":"","dogodki_cat":[75],"class_list":["post-56649","dogodki","type-dogodki","status-publish","has-post-thumbnail","hentry","dogodki_cat-spettacolo"],"acf":[],"_links":{"self":[{"href":"https:\/\/center-izola.si\/it\/wp-json\/wp\/v2\/dogodki\/56649","targetHints":{"allow":["GET"]}}],"collection":[{"href":"https:\/\/center-izola.si\/it\/wp-json\/wp\/v2\/dogodki"}],"about":[{"href":"https:\/\/center-izola.si\/it\/wp-json\/wp\/v2\/types\/dogodki"}],"wp:featuredmedia":[{"embeddable":true,"href":"https:\/\/center-izola.si\/it\/wp-json\/wp\/v2\/media\/56647"}],"wp:attachment":[{"href":"https:\/\/center-izola.si\/it\/wp-json\/wp\/v2\/media?parent=56649"}],"wp:term":[{"taxonomy":"dogodki_cat","embeddable":true,"href":"https:\/\/center-izola.si\/it\/wp-json\/wp\/v2\/dogodki_cat?post=56649"}],"curies":[{"name":"wp","href":"https:\/\/api.w.org\/{rel}","templated":true}]}}

<p>Vi siete mai chiesti perché, in un mondo di connessione continua, siamo sempre più soli? Come possiamo uscire dall’alienazione virtuale e tornare nello spazio delle relazioni autentiche, della solidarietà e della comunità?</p>



<p>Il <strong>Centro per la cultura, lo sport e gli eventi di Isola</strong> vi invita a una conferenza ispiratrice <strong>“Dall’alienazione personale alla solidarietà collettiva”</strong>, che si terrà <strong>mercoledì 8 aprile 2026 alle ore 19.00</strong> presso la <strong>Casa della cultura di Isola</strong>.</p>



<p>La serata sarà guidata dal <strong>dr. Aleksander Zadel</strong>, psicologo clinico e uno dei relatori sloveni più riconosciuti, noto per il suo stile energico, le spiegazioni chiare e la capacità di avvicinare temi psicologici complessi alla vita quotidiana. Con le sue riflessioni ci inviterà a pensare alle relazioni, alla comunità e al nostro ruolo nella società contemporanea.</p>



<p>I biglietti sono disponibili su <strong>Eventim</strong>.</p>



<p><strong>Valore speciale della serata:</strong> l’intero ricavato della vendita dei biglietti sarà destinato ai bambini socialmente svantaggiati di Isola, sotto l’egida dell’<strong>Unione degli amici della gioventù</strong>.</p>



<p>Unitevi a una serata di conoscenza, connessione e solidarietà.<br><strong>Riempiamo insieme la sala – e facciamo qualcosa di buono.</strong></p>
