{"id":56670,"date":"2026-03-16T10:07:24","date_gmt":"2026-03-16T09:07:24","guid":{"rendered":"https:\/\/center-izola.si\/dogodki\/primorska-poje-2026-koncert-v-kortah\/"},"modified":"2026-03-16T10:10:40","modified_gmt":"2026-03-16T09:10:40","slug":"primorska-poje-2026-koncert-v-kortah","status":"publish","type":"dogodki","link":"https:\/\/center-izola.si\/en\/events\/primorska-poje-2026-koncert-v-kortah\/","title":{"rendered":"Primorska poje 2026 \u2013 concert in Korte"},"content":{"rendered":"\n<p>57th edition of the adult choir festival <strong>PRIMORSKA POJE<\/strong><br>Korte, Zadru\u017eni dom<\/p>\n\n\n\n<p><strong>Performing:<\/strong><\/p>\n\n\n\n<p>VOCAL GROUP MALUM, HRPELJE-KOZINA<br>Conductor: Matej Velikonja<\/p>\n\n\n\n<p>MIXED CHOIR SLOVENEC \u2013 SLAVEC, BOR\u0160T \u2013 RICMANJE<br>Conductor: Danijel Grbec<\/p>\n\n\n\n<p>MIXED CHOIR ULKA ANKARAN<br>Conductor: Miran Zadnik<\/p>\n\n\n\n<p>FOLK SONG WOMEN\u2019S SINGING GROUP OF THE CULTURAL ASSOCIATION BORJA\u010c, SE\u017dANA<br>Leader: Vida Fab\u010di\u010d<\/p>\n\n\n\n<p>DRAGOTIN KETTE MEN\u2019S CHOIR, ILIRSKA BISTRICA<br>Conductor: Janja Konestabo<\/p>\n\n\n\n<p>VOCAL GROUP BRI\u0160KE TRCINKE, \u0160TEVERJAN<br>Conductor: Mojca Cej<\/p>\n\n\n\n<p>This year\u2019s <strong>Primorska poje<\/strong> is dedicated to Sre\u010dko Kosovel and Dragotin Kette.<\/p>\n\n\n\n<p><strong>Free entry!<\/strong><br>You are kindly invited.<\/p>\n","protected":false},"featured_media":56668,"parent":0,"template":"","dogodki_cat":[47],"class_list":["post-56670","dogodki","type-dogodki","status-publish","has-post-thumbnail","hentry","dogodki_cat-culture"],"acf":[],"_links":{"self":[{"href":"https:\/\/center-izola.si\/en\/wp-json\/wp\/v2\/dogodki\/56670","targetHints":{"allow":["GET"]}}],"collection":[{"href":"https:\/\/center-izola.si\/en\/wp-json\/wp\/v2\/dogodki"}],"about":[{"href":"https:\/\/center-izola.si\/en\/wp-json\/wp\/v2\/types\/dogodki"}],"wp:featuredmedia":[{"embeddable":true,"href":"https:\/\/center-izola.si\/en\/wp-json\/wp\/v2\/media\/56668"}],"wp:attachment":[{"href":"https:\/\/center-izola.si\/en\/wp-json\/wp\/v2\/media?parent=56670"}],"wp:term":[{"taxonomy":"dogodki_cat","embeddable":true,"href":"https:\/\/center-izola.si\/en\/wp-json\/wp\/v2\/dogodki_cat?post=56670"}],"curies":[{"name":"wp","href":"https:\/\/api.w.org\/{rel}","templated":true}]}}

<p>57th edition of the adult choir festival <strong>PRIMORSKA POJE</strong><br>Korte, Zadružni dom</p>



<p><strong>Performing:</strong></p>



<p>VOCAL GROUP MALUM, HRPELJE-KOZINA<br>Conductor: Matej Velikonja</p>



<p>MIXED CHOIR SLOVENEC – SLAVEC, BORŠT – RICMANJE<br>Conductor: Danijel Grbec</p>



<p>MIXED CHOIR ULKA ANKARAN<br>Conductor: Miran Zadnik</p>



<p>FOLK SONG WOMEN’S SINGING GROUP OF THE CULTURAL ASSOCIATION BORJAČ, SEŽANA<br>Leader: Vida Fabčič</p>



<p>DRAGOTIN KETTE MEN’S CHOIR, ILIRSKA BISTRICA<br>Conductor: Janja Konestabo</p>



<p>VOCAL GROUP BRIŠKE TRCINKE, ŠTEVERJAN<br>Conductor: Mojca Cej</p>



<p>This year’s <strong>Primorska poje</strong> is dedicated to Srečko Kosovel and Dragotin Kette.</p>



<p><strong>Free entry!</strong><br>You are kindly invited.</p>
